{"id":124,"date":"2020-02-26T07:46:37","date_gmt":"2020-02-26T07:46:37","guid":{"rendered":"https:\/\/demosites.io\/wedding-gb\/?page_id=124"},"modified":"2022-08-14T16:44:43","modified_gmt":"2022-08-14T16:44:43","slug":"dirigent","status":"publish","type":"page","link":"https:\/\/sbo-win.de\/index.php\/dirigent\/","title":{"rendered":"Dirigent"},"content":{"rendered":"\n<div id=\"wp-block-themeisle-blocks-advanced-columns-d85c2d7b\" class=\"wp-block-themeisle-blocks-advanced-columns alignfull has-1-columns has-desktop-equal-layout has-tablet-equal-layout has-mobile-equal-layout has-vertical-unset\"><div class=\"wp-block-themeisle-blocks-advanced-columns-overlay\"><\/div><div class=\"innerblocks-wrap\">\n<div id=\"wp-block-themeisle-blocks-advanced-column-b813c13f\" class=\"wp-block-themeisle-blocks-advanced-column\">\n<h1 id=\"wp-block-themeisle-blocks-advanced-heading-962fbc7a\" class=\"wp-block-themeisle-blocks-advanced-heading wp-block-themeisle-blocks-advanced-heading-962fbc7a\">Dirigent des SBOW<\/h1>\n<\/div>\n<\/div><\/div>\n\n\n\n<div id=\"wp-block-themeisle-blocks-advanced-columns-07ac8a5c\" class=\"wp-block-themeisle-blocks-advanced-columns has-2-columns has-desktop-equal-layout has-tablet-equal-layout has-mobile-collapsedRows-layout has-vertical-unset\"><div class=\"wp-block-themeisle-blocks-advanced-columns-overlay\"><\/div><div class=\"innerblocks-wrap\">\n<div id=\"wp-block-themeisle-blocks-advanced-column-590b9386\" class=\"wp-block-themeisle-blocks-advanced-column ticss-2dd5d556\">\n<figure class=\"wp-block-image size-full\" style=\"border-radius:0px\"><img loading=\"lazy\" decoding=\"async\" width=\"589\" height=\"600\" src=\"https:\/\/sbo-win.de\/wp-content\/uploads\/2022\/08\/csm_Herr_Kratzer_4fa451d000.jpg\" alt=\"\" class=\"wp-image-461\" srcset=\"https:\/\/sbo-win.de\/wp-content\/uploads\/2022\/08\/csm_Herr_Kratzer_4fa451d000.jpg 589w, https:\/\/sbo-win.de\/wp-content\/uploads\/2022\/08\/csm_Herr_Kratzer_4fa451d000-295x300.jpg 295w\" sizes=\"auto, (max-width: 589px) 100vw, 589px\" \/><\/figure>\n<\/div>\n\n\n\n<div id=\"wp-block-themeisle-blocks-advanced-column-13c1c690\" class=\"wp-block-themeisle-blocks-advanced-column\">\n<h2 id=\"wp-block-themeisle-blocks-advanced-heading-b7f37fd0\" class=\"wp-block-themeisle-blocks-advanced-heading wp-block-themeisle-blocks-advanced-heading-b7f37fd0\">Thomas Kratzer<\/h2>\n\n\n\n<p>Thomas Kratzer studierte an der Staatlichen Hochschule f\u00fcr Musik und Darstellende Kunst in Stuttgart und ist seit vielen Jahren Lehrer f\u00fcr Blechblasinstrumente an der Musik- und Kunstschule Winnenden, Berglen, Leutenbach, Schwaikheim. Zus\u00e4tzlich zum SBOW leitet er hier zahlreiche Orchester und Ensembles.<\/p>\n\n\n\n<p>Thomas Kratzer war viele Jahre als Dozent f\u00fcr Blechbl\u00e4sermethodik an der Bundesakademie Trossingen sowie beim Landes- und Bundesverband der Musikschulen t\u00e4tig. Weitere Zusatzqualifikationen erlangte er in Musikkinesiologie, Kinesiologie, sowie in Elementarer Musikp\u00e4dagogik bei Pierre van Hauwe (Holland). Au\u00dferdem absolvierte er eine Zusatzausbildung in Psychomotorik am Institut f\u00fcr Bewegungsbildung und Psychomotorik (IBP\/M\u00fcnchen).<\/p>\n<\/div>\n<\/div><\/div>\n\n\n\n<div style=\"height:100px\" aria-hidden=\"true\" class=\"wp-block-spacer\"><\/div>\n","protected":false},"excerpt":{"rendered":"","protected":false},"author":1,"featured_media":0,"parent":0,"menu_order":0,"comment_status":"closed","ping_status":"closed","template":"page-templates\/template-pagebuilder-full-width.php","meta":{"neve_meta_sidebar":"full-width","neve_meta_container":"","neve_meta_enable_content_width":"on","neve_meta_content_width":100,"neve_meta_title_alignment":"","neve_meta_author_avatar":"","neve_post_elements_order":"","neve_meta_disable_header":"","neve_meta_disable_footer":"","neve_meta_disable_title":"","_themeisle_gutenberg_block_has_review":false,"footnotes":""},"class_list":["post-124","page","type-page","status-publish","hentry"],"yoast_head":"<!-- This site is optimized with the Yoast SEO plugin v26.8 - https:\/\/yoast.com\/product\/yoast-seo-wordpress\/ -->\n<title>Dirigent - St\u00e4dtisches BlasOrchester Winnenden<\/title>\n<meta name=\"robots\" content=\"index, follow, max-snippet:-1, max-image-preview:large, max-video-preview:-1\" \/>\n<link rel=\"canonical\" href=\"https:\/\/sbo-win.de\/index.php\/dirigent\/\" \/>\n<meta property=\"og:locale\" content=\"de_DE\" \/>\n<meta property=\"og:type\" content=\"article\" \/>\n<meta property=\"og:title\" content=\"Dirigent - St\u00e4dtisches BlasOrchester Winnenden\" \/>\n<meta property=\"og:url\" content=\"https:\/\/sbo-win.de\/index.php\/dirigent\/\" \/>\n<meta property=\"og:site_name\" content=\"St\u00e4dtisches BlasOrchester Winnenden\" \/>\n<meta property=\"article:modified_time\" content=\"2022-08-14T16:44:43+00:00\" \/>\n<meta name=\"twitter:card\" content=\"summary_large_image\" \/>\n<script type=\"application\/ld+json\" class=\"yoast-schema-graph\">{\"@context\":\"https:\/\/schema.org\",\"@graph\":[{\"@type\":\"WebPage\",\"@id\":\"https:\/\/sbo-win.de\/index.php\/dirigent\/\",\"url\":\"https:\/\/sbo-win.de\/index.php\/dirigent\/\",\"name\":\"Dirigent - St\u00e4dtisches BlasOrchester Winnenden\",\"isPartOf\":{\"@id\":\"https:\/\/sbo-win.de\/#website\"},\"datePublished\":\"2020-02-26T07:46:37+00:00\",\"dateModified\":\"2022-08-14T16:44:43+00:00\",\"breadcrumb\":{\"@id\":\"https:\/\/sbo-win.de\/index.php\/dirigent\/#breadcrumb\"},\"inLanguage\":\"de\",\"potentialAction\":[{\"@type\":\"ReadAction\",\"target\":[\"https:\/\/sbo-win.de\/index.php\/dirigent\/\"]}]},{\"@type\":\"BreadcrumbList\",\"@id\":\"https:\/\/sbo-win.de\/index.php\/dirigent\/#breadcrumb\",\"itemListElement\":[{\"@type\":\"ListItem\",\"position\":1,\"name\":\"Startseite\",\"item\":\"https:\/\/sbo-win.de\/\"},{\"@type\":\"ListItem\",\"position\":2,\"name\":\"Dirigent\"}]},{\"@type\":\"WebSite\",\"@id\":\"https:\/\/sbo-win.de\/#website\",\"url\":\"https:\/\/sbo-win.de\/\",\"name\":\"St\u00e4dtisches BlasOrchester Winnenden\",\"description\":\"Alle wichtigen Informationen zu unserer Musik\",\"publisher\":{\"@id\":\"https:\/\/sbo-win.de\/#organization\"},\"potentialAction\":[{\"@type\":\"SearchAction\",\"target\":{\"@type\":\"EntryPoint\",\"urlTemplate\":\"https:\/\/sbo-win.de\/?s={search_term_string}\"},\"query-input\":{\"@type\":\"PropertyValueSpecification\",\"valueRequired\":true,\"valueName\":\"search_term_string\"}}],\"inLanguage\":\"de\"},{\"@type\":\"Organization\",\"@id\":\"https:\/\/sbo-win.de\/#organization\",\"name\":\"St\u00e4dtisches BlasOrchester Winnenden\",\"url\":\"https:\/\/sbo-win.de\/\",\"logo\":{\"@type\":\"ImageObject\",\"inLanguage\":\"de\",\"@id\":\"https:\/\/sbo-win.de\/#\/schema\/logo\/image\/\",\"url\":\"https:\/\/sbo-win.de\/wp-content\/uploads\/2022\/08\/cropped-WIN_Logo_SB_SZ_S.jpg\",\"contentUrl\":\"https:\/\/sbo-win.de\/wp-content\/uploads\/2022\/08\/cropped-WIN_Logo_SB_SZ_S.jpg\",\"width\":200,\"height\":138,\"caption\":\"St\u00e4dtisches BlasOrchester Winnenden\"},\"image\":{\"@id\":\"https:\/\/sbo-win.de\/#\/schema\/logo\/image\/\"}}]}<\/script>\n<!-- \/ Yoast SEO plugin. -->","yoast_head_json":{"title":"Dirigent - St\u00e4dtisches BlasOrchester Winnenden","robots":{"index":"index","follow":"follow","max-snippet":"max-snippet:-1","max-image-preview":"max-image-preview:large","max-video-preview":"max-video-preview:-1"},"canonical":"https:\/\/sbo-win.de\/index.php\/dirigent\/","og_locale":"de_DE","og_type":"article","og_title":"Dirigent - St\u00e4dtisches BlasOrchester Winnenden","og_url":"https:\/\/sbo-win.de\/index.php\/dirigent\/","og_site_name":"St\u00e4dtisches BlasOrchester Winnenden","article_modified_time":"2022-08-14T16:44:43+00:00","twitter_card":"summary_large_image","schema":{"@context":"https:\/\/schema.org","@graph":[{"@type":"WebPage","@id":"https:\/\/sbo-win.de\/index.php\/dirigent\/","url":"https:\/\/sbo-win.de\/index.php\/dirigent\/","name":"Dirigent - St\u00e4dtisches BlasOrchester Winnenden","isPartOf":{"@id":"https:\/\/sbo-win.de\/#website"},"datePublished":"2020-02-26T07:46:37+00:00","dateModified":"2022-08-14T16:44:43+00:00","breadcrumb":{"@id":"https:\/\/sbo-win.de\/index.php\/dirigent\/#breadcrumb"},"inLanguage":"de","potentialAction":[{"@type":"ReadAction","target":["https:\/\/sbo-win.de\/index.php\/dirigent\/"]}]},{"@type":"BreadcrumbList","@id":"https:\/\/sbo-win.de\/index.php\/dirigent\/#breadcrumb","itemListElement":[{"@type":"ListItem","position":1,"name":"Startseite","item":"https:\/\/sbo-win.de\/"},{"@type":"ListItem","position":2,"name":"Dirigent"}]},{"@type":"WebSite","@id":"https:\/\/sbo-win.de\/#website","url":"https:\/\/sbo-win.de\/","name":"St\u00e4dtisches BlasOrchester Winnenden","description":"Alle wichtigen Informationen zu unserer Musik","publisher":{"@id":"https:\/\/sbo-win.de\/#organization"},"potentialAction":[{"@type":"SearchAction","target":{"@type":"EntryPoint","urlTemplate":"https:\/\/sbo-win.de\/?s={search_term_string}"},"query-input":{"@type":"PropertyValueSpecification","valueRequired":true,"valueName":"search_term_string"}}],"inLanguage":"de"},{"@type":"Organization","@id":"https:\/\/sbo-win.de\/#organization","name":"St\u00e4dtisches BlasOrchester Winnenden","url":"https:\/\/sbo-win.de\/","logo":{"@type":"ImageObject","inLanguage":"de","@id":"https:\/\/sbo-win.de\/#\/schema\/logo\/image\/","url":"https:\/\/sbo-win.de\/wp-content\/uploads\/2022\/08\/cropped-WIN_Logo_SB_SZ_S.jpg","contentUrl":"https:\/\/sbo-win.de\/wp-content\/uploads\/2022\/08\/cropped-WIN_Logo_SB_SZ_S.jpg","width":200,"height":138,"caption":"St\u00e4dtisches BlasOrchester Winnenden"},"image":{"@id":"https:\/\/sbo-win.de\/#\/schema\/logo\/image\/"}}]}},"_links":{"self":[{"href":"https:\/\/sbo-win.de\/index.php\/wp-json\/wp\/v2\/pages\/124","targetHints":{"allow":["GET"]}}],"collection":[{"href":"https:\/\/sbo-win.de\/index.php\/wp-json\/wp\/v2\/pages"}],"about":[{"href":"https:\/\/sbo-win.de\/index.php\/wp-json\/wp\/v2\/types\/page"}],"author":[{"embeddable":true,"href":"https:\/\/sbo-win.de\/index.php\/wp-json\/wp\/v2\/users\/1"}],"replies":[{"embeddable":true,"href":"https:\/\/sbo-win.de\/index.php\/wp-json\/wp\/v2\/comments?post=124"}],"version-history":[{"count":4,"href":"https:\/\/sbo-win.de\/index.php\/wp-json\/wp\/v2\/pages\/124\/revisions"}],"predecessor-version":[{"id":673,"href":"https:\/\/sbo-win.de\/index.php\/wp-json\/wp\/v2\/pages\/124\/revisions\/673"}],"wp:attachment":[{"href":"https:\/\/sbo-win.de\/index.php\/wp-json\/wp\/v2\/media?parent=124"}],"curies":[{"name":"wp","href":"https:\/\/api.w.org\/{rel}","templated":true}]}}